
Does 2 divide 1439864?
True
Is 131 a factor of 39729287?
True
Is 74 a factor of 204855384?
True
Does 28 divide 137599253?
False
Does 376 divide 19663296?
True
Is 43784334 a multiple of 31?
False
Is 223302243 a multiple of 599?
False
Is 244976123 a multiple of 3?
False
Does 25 divide 719425?
True
Does 1883 divide 16472529?
False
Is 1725 a factor of 1026495750?
True
Is 299 a factor of 21552219?
True
Is 3086 a factor of 106303916?
False
Is 469329840 a multiple of 1255?
True
Is 1445 a factor of 8019830?
False
Does 3109 divide 5382545?
False
Does 27 divide 40432932?
True
Is 729 a factor of 918521775?
True
Is 345464643 a multiple of 1413?
False
Is 41068873 a multiple of 351?
False
Does 134 divide 20635079?
False
Does 4246 divide 313104286?
True
Is 899 a factor of 15873680?
False
Does 26 divide 7849000538?
False
Is 50 a factor of 4650353?
False
Is 1922096841 a multiple of 501?
False
Is 118979 a multiple of 31?
False
Is 195546604 a multiple of 4?
True
Is 34471710 a multiple of 61?
True
Is 69054944 a multiple of 224?
True
Is 300 a factor of 8009188?
False
Is 34809992 a multiple of 3?
False
Is 25 a factor of 158883450?
True
Does 6 divide 51150380?
False
Does 3 divide 818434301?
False
Is 22303459 a multiple of 117?
False
Does 8 divide 349877032?
True
Is 10178322 a multiple of 14?
True
Is 78 a factor of 1194726?
True
Is 162623880 a multiple of 59?
False
Is 45653400 a multiple of 15?
True
Does 22 divide 831204?
True
Is 170 a factor of 756178023?
False
Is 555532001 a multiple of 12?
False
Is 10 a factor of 8962469?
False
Is 58150917 a multiple of 99?
True
Is 62 a factor of 1066388282?
True
Does 593 divide 1970539?
True
Is 513326590 a multiple of 610?
True
Is 107209559 a multiple of 6733?
True
Is 302904988 a multiple of 11?
False
Is 8380001 a multiple of 17?
False
Does 16 divide 10792016?
True
Is 25618863 a multiple of 411?
True
Is 2586 a factor of 119669694?
False
Is 37 a factor of 1314588?
False
Is 788 a factor of 1147604588?
True
Is 81 a factor of 2640681?
True
Is 28565755 a multiple of 17?
False
Is 911883960 a multiple of 214?
True
Is 183517854 a multiple of 85?
False
Does 172 divide 197458796?
False
Is 86631911 a multiple of 35?
False
Does 136 divide 406820064?
True
Does 155 divide 2362121880?
True
Is 317296502 a multiple of 6?
False
Is 75390838 a multiple of 38?
False
Is 10 a factor of 393246731?
False
Is 1710289 a multiple of 263?
True
Does 14 divide 317067683?
False
Is 944609510 a multiple of 38?
True
Is 206121729 a multiple of 1890?
False
Is 210 a factor of 1949411312?
False
Is 426520549 a multiple of 6850?
False
Does 1450 divide 221388900?
True
Is 25700822 a multiple of 3934?
True
Does 738 divide 4446771?
False
Is 109 a factor of 31997713?
True
Is 147182216 a multiple of 13?
False
Is 40 a factor of 146797312?
False
Is 117 a factor of 16317424?
False
Does 13 divide 27027922?
False
Is 8796684 a multiple of 6?
True
Is 2263 a factor of 3259598044?
True
Does 31 divide 343077?
True
Does 14 divide 42006888?
True
Is 9967401 a multiple of 177?
True
Is 90 a factor of 20068952?
False
Is 64 a factor of 53774016?
True
Is 145 a factor of 9375555?
True
Is 50174889 a multiple of 9?
False
Does 2088 divide 124844224?
False
Does 45 divide 725079218?
False
Does 3 divide 6230971?
False
Does 1887 divide 455484060?
True
Is 1247617722 a multiple of 26?
True
Is 93 a factor of 52272324?
True
Does 4339 divide 1903050688?
True
Does 865 divide 5283066215?
True
Is 980846928 a multiple of 4806?
True
Is 2189 a factor of 112534301?
True
Is 142 a factor of 18566216?
True
Is 15059016 a multiple of 67?
False
Does 1271 divide 660148503?
True
Is 928 a factor of 4498001137?
False
Is 386 a factor of 52464010?
False
Does 490 divide 266991703?
False
Does 316 divide 20577200?
False
Does 65 divide 450148465?
True
Is 4 a factor of 774633?
False
Is 1681526 a multiple of 69?
False
Is 1352223215 a multiple of 33?
False
Does 35 divide 535764740?
True
Does 41 divide 93700115?
False
Is 64515007 a multiple of 56?
False
Is 1227337186 a multiple of 3808?
False
Does 288 divide 236655648?
True
Does 8 divide 266305464?
True
Does 5872 divide 653230640?
True
Is 39203322 a multiple of 37?
False
Is 715 a factor of 904632373?
False
Does 106 divide 67894272?
True
Is 2711 a factor of 42850066?
True
Is 1391 a factor of 32485414?
True
Is 2672 a factor of 38211358?
False
Does 11 divide 70443637?
True
Does 3 divide 19446886?
False
Is 11539858 a multiple of 101?
False
Is 802649566 a multiple of 5?
False
Is 234 a factor of 109926582?
False
Does 16 divide 4193344?
True
Does 64 divide 96599232?
True
Does 59 divide 63877680?
False
Does 1688 divide 416767200?
True
Is 55 a factor of 61706094?
False
Does 36 divide 3695831712?
True
Is 701 a factor of 20429243?
True
Does 23 divide 1042268?
True
Is 8962954 a multiple of 26?
True
Is 22893276 a multiple of 163?
False
Is 7 a factor of 159571233?
False
Does 42 divide 56460183?
False
Does 28 divide 4377800?
True
Is 351456611 a multiple of 349?
True
Does 8 divide 340340328?
True
Does 2485 divide 4833565?
False
Does 398 divide 698741536?
True
Is 2507 a factor of 275309316?
False
Is 320410729 a multiple of 263?
False
Is 1057203244 a multiple of 38?
True
Is 376933686 a multiple of 1184?
False
Is 312 a factor of 4292502?
False
Is 219257602 a multiple of 453?
False
Is 2493 a factor of 102801348?
True
Does 3187 divide 5657164025?
True
Does 205 divide 1017037390?
True
Is 295 a factor of 22189900?
True
Is 131440947 a multiple of 3?
True
Does 10 divide 1408960070?
True
Is 1341 a factor of 50803839?
False
Is 27 a factor of 221694030?
True
Is 53 a factor of 2250168?
True
Is 18215262 a multiple of 13?
True
Is 5878892523 a multiple of 21?
True
Is 787 a factor of 1098652?
True
Is 181 a factor of 375605770?
True
Is 337 a factor of 993600690?
True
Is 11571880 a multiple of 456?
False
Is 31433088 a multiple of 64?
True
Is 249322591 a multiple of 65?
False
Is 109684576 a multiple of 1184?
True
Is 6702296 even?
True
Is 38627311 a multiple of 66?
False
Does 165 divide 4085456925?
True
Is 86442326 a multiple of 153?
False
Is 299 a factor of 12238611?
False
Is 53403356 a multiple of 6?
False
Does 2989 divide 1584949954?
False
Is 1758570255 a multiple of 117?
True
Is 1000255 a multiple of 183?
False
Is 26 a factor of 84912383?
False
Is 303822284 a multiple of 813?
False
Does 44 divide 1823989684?
True
Does 385 divide 20693365?
True
Is 17350965 a multiple of 77?
False
Is 63890079 a multiple of 64?
False
Does 589 divide 831713353?
True
Does 230 divide 356388680?
True
Is 3875208 a multiple of 244?
True
Is 2455308 a multiple of 48?
False
Does 89 divide 180556208?
False
Is 11 a factor of 7483080?
True
Is 19398669 a multiple of 59?
True
Is 31 a factor of 88065685?
False
Does 135 divide 28293563?
False
Is 97675703 a multiple of 40?
False
Is 34846313 a multiple of 97?
False
Is 10911000 a multiple of 16?
False
Is 8603012 a multiple of 253?
True
Is 128529070 a multiple of 105?
False
Does 51 divide 139740765?
True
Is 587720876 a multiple of 55?
False
Is 362 a factor of 2153433296?
False
Does 66 divide 201753415?
False
Does 172 divide 1061456718?
False
Is 315826616 a multiple of 1022?
True
Does 27 divide 105375022?
False
Does 445 divide 4923085?
False
Does 89 divide 29213716?
True
Does 146 divide 466752053?
False
Is 189756574 a multiple of 364?
False
Is 47 a factor of 411562970?
False
Is 236722140 a multiple of 60?
True
Is 136 a factor of 84102739?
False
Is 1057 a factor of 95635695?
False
Is 3076674098 a multiple of 2627?
True
Is 2770452 a multiple of 237?
False
Is 548447388 a multiple of 948?
True
Is 22 a factor of 311957417?
False
Is 4 a factor of 147441096?
True
Is 6395514 a multiple of 114?
True
Does 6 divide 1031327?
False
Does 626 divide 11120447?
False
Is 15 a factor of 836334570?
True
Is 7 a factor of 1474903619?
True
Is 2642181 a multiple of 3?
True
Is 9305 a factor of 2268689270?
True
Is 56403780 a multiple of 38?
True
Is 19259133 a multiple of 115?
False
Does 412 divide 570713834?
False
Is 52688658 a multiple of 11?
True
Is 2798117396 a multiple of 2064?
False
Is 2231522 a multiple of 34?
True
Does 1387 divide 361600609?
True
Is 135003360 a multiple of 57?
True
Is 18 a factor of 25479918?
True
Does 4 divide 548646276?
True
Does 574 divide 12729764?
False
Is 7029235 a multiple of 103?
True
Is 322688